{"id":32,"date":"2017-11-02T09:19:39","date_gmt":"2017-11-02T08:19:39","guid":{"rendered":"https:\/\/en.sconxis.com\/?page_id=32"},"modified":"2017-11-02T10:03:57","modified_gmt":"2017-11-02T09:03:57","slug":"impressum","status":"publish","type":"page","link":"https:\/\/en.sconxis.com\/index.php\/impressum\/","title":{"rendered":"Imprint"},"content":{"rendered":"<p>Angaben gem\u00e4\u00df den Anforderungen des Telemediengesetzes (TMG):<\/p>\n<p>Harry Conrad<br \/>\nCalle Aragon 41, 1 B<br \/>\n07005 Palma de Mallorca<\/p>\n<div class=\"clearfix page-wrapper\">\n<article id=\"post-13979\" class=\"right-only post-13979 page type-page status-publish hentry\">\n<div class=\"page-content no-image\">\n<p><strong>Haftungsausschluss (Disclaimer)<\/strong><\/p>\n<p><strong>Haftung f\u00fcr Inhalte<br \/>\n<\/strong>Als Diensteanbieter sind wir gem\u00e4\u00df \u00a7 7 Abs.1 TMG f\u00fcr eigene Inhalte auf diesen Seiten nach den allgemeinen Gesetzen verantwortlich. Nach \u00a7\u00a7 8 bis 10 TMG sind wir als Diensteanbieter jedoch nicht verpflichtet, \u00fcbermittelte oder gespeicherte fremde Informationen zu \u00fcberwachen oder nach Umst\u00e4nden zu forschen, die auf eine rechtswidrige T\u00e4tigkeit hinweisen. Verpflichtungen zur Entfernung oder Sperrung der Nutzung von Informationen nach den allgemeinen Gesetzen bleiben hiervon unber\u00fchrt. Eine diesbez\u00fcgliche Haftung ist jedoch erst ab dem Zeitpunkt der Kenntnis einer konkreten Rechtsverletzung m\u00f6glich. Bei Bekanntwerden von entsprechenden Rechtsverletzungen werden wir diese Inhalte umgehend entfernen.<\/p>\n<p><strong>Haftung f\u00fcr Links<br \/>\n<\/strong>Unser Angebot enth\u00e4lt Links zu externen Webseiten Dritter, auf deren Inhalte wir keinen Einfluss haben. Deshalb k\u00f6nnen wir f\u00fcr diese fremden Inhalte auch keine Gew\u00e4hr \u00fcbernehmen. F\u00fcr die Inhalte der verlinkten Seiten ist stets der jeweilige Anbieter oder Betreiber der Seiten verantwortlich. Die verlinkten Seiten wurden zum Zeitpunkt der Verlinkung auf m\u00f6gliche Rechtsverst\u00f6\u00dfe \u00fcberpr\u00fcft. Rechtswidrige Inhalte waren zum Zeitpunkt der Verlinkung nicht erkennbar. Eine permanente inhaltliche Kontrolle der verlinkten Seiten ist jedoch ohne konkrete Anhaltspunkte einer Rechtsverletzung nicht zumutbar. Bei Bekanntwerden von Rechtsverletzungen werden wir derartige Links umgehend entfernen.<\/p>\n<p><strong>Urheberrecht<br \/>\n<\/strong>Die durch die Seitenbetreiber erstellten Inhalte und Werke auf diesen Seiten unterliegen dem deutschen Urheberrecht. Die Vervielf\u00e4ltigung, Bearbeitung, Verbreitung und jede Art der Verwertung au\u00dferhalb der Grenzen des Urheberrechtes bed\u00fcrfen der schriftlichen Zustimmung des jeweiligen Autors bzw. Erstellers. Downloads und Kopien dieser Seite sind nur f\u00fcr den privaten, nicht kommerziellen Gebrauch gestattet. Soweit die Inhalte auf dieser Seite nicht vom Betreiber erstellt wurden, werden die Urheberrechte Dritter beachtet. Insbesondere werden Inhalte Dritter als solche gekennzeichnet. Sollten Sie trotzdem auf eine Urheberrechtsverletzung aufmerksam werden, bitten wir um einen entsprechenden Hinweis. Bei Bekanntwerden von Rechtsverletzungen werden wir derartige Inhalte umgehend entfernen.<\/p>\n<p>&nbsp;<\/p>\n<p><strong><span class=\"columnHeader2\">Datenschutzerkl\u00e4rung:<\/span><\/strong><\/p>\n<p><strong>Allgemeines<br \/>\n<\/strong>Wir achten Ihre Pers\u00f6nlichkeitsrechte und wissen um die Bedeutung pers\u00f6nlicher Daten, die wir von Ihnen erhalten. Wir respektieren den Schutz Ihrer pers\u00f6nlichen Daten und werden s\u00e4mtliche erlangten Daten ausschlie\u00dflich nach Ma\u00dfgabe der einschl\u00e4gigendatenschutzrechtlichen Bestimmungen erheben, speichern oder verarbeiten. Soweit Internetseiten und\/oder \u2013 dienste anderer Anbieter \u00fcber unsere Website zug\u00e4nglich oder verlinkt sind, sind wir f\u00fcr deren Inhalte und insbesondere deren datenschutzrechtliche Handhabung nicht verantwortlich.<\/p>\n<p><strong>Erhebung personenbezogener Daten<br \/>\n<\/strong>Grunds\u00e4tzlich erheben wir bei Besuch unserer Website keine personenbezogenen Daten, wie beispielsweise Anrede, Name, Anschrift, E-Mail-Adresse oder Verbindungsdaten. Unsere Server erfassen bestimmte Daten automatisch, die Ihr Webbrowser bei Besuch einer Website verschickt. Diese Daten k\u00f6nnen insbesondere den von Ihnen verwandten Browsertyp, die Browsersprache sowie Datum und Uhrzeit Ihrer Browseranfrage und die genutzte IP-Adresse enthalten. Die Auswertung dieser Daten erfolgt ausschlie\u00dflich in anonymisierter Form zu statistischen Zwecken ohne M\u00f6glichkeit der Zusammenf\u00fchrung mit anderen Daten von Ihnen. Nach Beendigung der Auswertung werden auch diese Daten wieder gel\u00f6scht.<\/p>\n<p><strong>Einsatz und Unterbindung von Cookies<br \/>\n<\/strong>Diese Website setzt Cookies (kleine Dateien mit Konfigurationsinformationen) ein, um die ordnungsgem\u00e4\u00dfe Funktion der Website sicherzustellen. Zweck der Verwendung von Cookies auf unserer Website ist lediglich die Gew\u00e4hrleistung der technischen Funktionalit\u00e4t der Website. Falls sie mit der Verwendung von Cookies nicht einverstanden sind, k\u00f6nnen sie die Speicherung von Cookies durch entsprechende Einstellungen in Ihrer Browsersoftware verhindern; ggf. sind dann jedoch nicht alle Funktionalit\u00e4ten dieser Website vollumf\u00e4nglich nutzbar. Nach Besuch unserer Website werden die Cookies automatisch gel\u00f6scht.<\/p>\n<p><strong>Verwendung personenbezogener Daten und Widerspruchsrecht<br \/>\n<\/strong>Wir versichern Ihnen, soweit wir personenbezogene Daten erheben, diese vertraulich zu behandeln und uns bei der Verarbeitung und Nutzung dieser Daten an die gesetzlichen Bestimmungen des BDSG und des TMG zu halten. Eine Nutzung personenbezogener Daten erfolgt nur, soweit dies in konkreten Einzelf\u00e4llen f\u00fcr die Durchf\u00fchrung und Abwicklung des Nutzungsverh&amp;aulm;ltnisses, insbesondere im Rahmen ggf. gef\u00fchrter Kommunikation erforderlich ist oder Sie uns eine gesonderte Einwilligung erteilt haben.<\/p>\n<p><strong>Sicherheit<br \/>\n<\/strong>Wir setzen technische und organisatorische Sicherheitsma\u00dfnahmen ein, um unsere Website gegen Manipulationen, Verlust, Zerst\u00f6rung oder vor dem Zugriff Unberechtigter zu sch\u00fctzen. Wir bem\u00fchen uns, unsere Sicherheitsma\u00dfnahmen entsprechend den technologischen Entwicklungen fortlaufend anzupassen und zu verbessern.<\/p>\n<p><strong>Weitergehende Fragen und Hinweise<br \/>\n<\/strong>Auf Anforderung werden wir Ihnen mitteilen, ob und ggf. welche personenbezogenen Daten \u00fcber Sie bei uns gespeichert sind. Wenn Sie dar\u00fcber hinausgehende Fragen zum Datenschutz auf dieser Internetpr&amp;aulm;senz haben, schreiben Sie uns an:<\/p>\n<\/div>\n<\/article>\n<\/div>\n","protected":false},"excerpt":{"rendered":"<p>Angaben gem\u00e4\u00df den Anforderungen des Telemediengesetzes (TMG): Harry Conrad Calle Aragon 41, 1 B 07005 Palma de Mallorca Haftungsausschluss (Disclaimer) Haftung f\u00fcr Inhalte Als Diensteanbieter sind wir gem\u00e4\u00df \u00a7 7 Abs.1 TMG f\u00fcr eigene Inhalte auf diesen Seiten nach den allgemeinen Gesetzen verantwortlich. Nach \u00a7\u00a7 8 bis 10 TMG sind\u2026<\/p>\n<p> <a class=\"continue-reading-link\" href=\"https:\/\/en.sconxis.com\/index.php\/impressum\/\"><span>Continue reading<\/span><i class=\"crycon-right-dir\"><\/i><\/a> <\/p>\n","protected":false},"author":1,"featured_media":0,"parent":0,"menu_order":0,"comment_status":"closed","ping_status":"closed","template":"","meta":{"footnotes":""},"class_list":["post-32","page","type-page","status-publish","hentry"],"yoast_head":"<!-- This site is optimized with the Yoast SEO plugin v27.1.1 - https:\/\/yoast.com\/product\/yoast-seo-wordpress\/ -->\n<title>Imprint - Sconxis International<\/title>\n<meta name=\"robots\" content=\"index, follow, max-snippet:-1, max-image-preview:large, max-video-preview:-1\" \/>\n<link rel=\"canonical\" href=\"https:\/\/en.sconxis.com\/index.php\/impressum\/\" \/>\n<meta property=\"og:locale\" content=\"de_DE\" \/>\n<meta property=\"og:type\" content=\"article\" \/>\n<meta property=\"og:title\" content=\"Imprint - Sconxis International\" \/>\n<meta property=\"og:description\" content=\"Angaben gem\u00e4\u00df den Anforderungen des Telemediengesetzes (TMG): Harry Conrad Calle Aragon 41, 1 B 07005 Palma de Mallorca Haftungsausschluss (Disclaimer) Haftung f\u00fcr Inhalte Als Diensteanbieter sind wir gem\u00e4\u00df \u00a7 7 Abs.1 TMG f\u00fcr eigene Inhalte auf diesen Seiten nach den allgemeinen Gesetzen verantwortlich. Nach \u00a7\u00a7 8 bis 10 TMG sind\u2026 Continue reading\" \/>\n<meta property=\"og:url\" content=\"https:\/\/en.sconxis.com\/index.php\/impressum\/\" \/>\n<meta property=\"og:site_name\" content=\"Sconxis International\" \/>\n<meta property=\"article:modified_time\" content=\"2017-11-02T09:03:57+00:00\" \/>\n<meta name=\"twitter:card\" content=\"summary_large_image\" \/>\n<meta name=\"twitter:label1\" content=\"Gesch\u00e4tzte Lesezeit\" \/>\n\t<meta name=\"twitter:data1\" content=\"4\u00a0Minuten\" \/>\n<script type=\"application\/ld+json\" class=\"yoast-schema-graph\">{\"@context\":\"https:\/\/schema.org\",\"@graph\":[{\"@type\":\"WebPage\",\"@id\":\"https:\/\/en.sconxis.com\/index.php\/impressum\/\",\"url\":\"https:\/\/en.sconxis.com\/index.php\/impressum\/\",\"name\":\"Imprint - Sconxis International\",\"isPartOf\":{\"@id\":\"https:\/\/en.sconxis.com\/#website\"},\"datePublished\":\"2017-11-02T08:19:39+00:00\",\"dateModified\":\"2017-11-02T09:03:57+00:00\",\"breadcrumb\":{\"@id\":\"https:\/\/en.sconxis.com\/index.php\/impressum\/#breadcrumb\"},\"inLanguage\":\"de\",\"potentialAction\":[{\"@type\":\"ReadAction\",\"target\":[\"https:\/\/en.sconxis.com\/index.php\/impressum\/\"]}]},{\"@type\":\"BreadcrumbList\",\"@id\":\"https:\/\/en.sconxis.com\/index.php\/impressum\/#breadcrumb\",\"itemListElement\":[{\"@type\":\"ListItem\",\"position\":1,\"name\":\"Startseite\",\"item\":\"https:\/\/en.sconxis.com\/\"},{\"@type\":\"ListItem\",\"position\":2,\"name\":\"Imprint\"}]},{\"@type\":\"WebSite\",\"@id\":\"https:\/\/en.sconxis.com\/#website\",\"url\":\"https:\/\/en.sconxis.com\/\",\"name\":\"Sconxis International\",\"description\":\"\",\"potentialAction\":[{\"@type\":\"SearchAction\",\"target\":{\"@type\":\"EntryPoint\",\"urlTemplate\":\"https:\/\/en.sconxis.com\/?s={search_term_string}\"},\"query-input\":{\"@type\":\"PropertyValueSpecification\",\"valueRequired\":true,\"valueName\":\"search_term_string\"}}],\"inLanguage\":\"de\"}]}<\/script>\n<!-- \/ Yoast SEO plugin. -->","yoast_head_json":{"title":"Imprint - Sconxis International","robots":{"index":"index","follow":"follow","max-snippet":"max-snippet:-1","max-image-preview":"max-image-preview:large","max-video-preview":"max-video-preview:-1"},"canonical":"https:\/\/en.sconxis.com\/index.php\/impressum\/","og_locale":"de_DE","og_type":"article","og_title":"Imprint - Sconxis International","og_description":"Angaben gem\u00e4\u00df den Anforderungen des Telemediengesetzes (TMG): Harry Conrad Calle Aragon 41, 1 B 07005 Palma de Mallorca Haftungsausschluss (Disclaimer) Haftung f\u00fcr Inhalte Als Diensteanbieter sind wir gem\u00e4\u00df \u00a7 7 Abs.1 TMG f\u00fcr eigene Inhalte auf diesen Seiten nach den allgemeinen Gesetzen verantwortlich. Nach \u00a7\u00a7 8 bis 10 TMG sind\u2026 Continue reading","og_url":"https:\/\/en.sconxis.com\/index.php\/impressum\/","og_site_name":"Sconxis International","article_modified_time":"2017-11-02T09:03:57+00:00","twitter_card":"summary_large_image","twitter_misc":{"Gesch\u00e4tzte Lesezeit":"4\u00a0Minuten"},"schema":{"@context":"https:\/\/schema.org","@graph":[{"@type":"WebPage","@id":"https:\/\/en.sconxis.com\/index.php\/impressum\/","url":"https:\/\/en.sconxis.com\/index.php\/impressum\/","name":"Imprint - Sconxis International","isPartOf":{"@id":"https:\/\/en.sconxis.com\/#website"},"datePublished":"2017-11-02T08:19:39+00:00","dateModified":"2017-11-02T09:03:57+00:00","breadcrumb":{"@id":"https:\/\/en.sconxis.com\/index.php\/impressum\/#breadcrumb"},"inLanguage":"de","potentialAction":[{"@type":"ReadAction","target":["https:\/\/en.sconxis.com\/index.php\/impressum\/"]}]},{"@type":"BreadcrumbList","@id":"https:\/\/en.sconxis.com\/index.php\/impressum\/#breadcrumb","itemListElement":[{"@type":"ListItem","position":1,"name":"Startseite","item":"https:\/\/en.sconxis.com\/"},{"@type":"ListItem","position":2,"name":"Imprint"}]},{"@type":"WebSite","@id":"https:\/\/en.sconxis.com\/#website","url":"https:\/\/en.sconxis.com\/","name":"Sconxis International","description":"","potentialAction":[{"@type":"SearchAction","target":{"@type":"EntryPoint","urlTemplate":"https:\/\/en.sconxis.com\/?s={search_term_string}"},"query-input":{"@type":"PropertyValueSpecification","valueRequired":true,"valueName":"search_term_string"}}],"inLanguage":"de"}]}},"_links":{"self":[{"href":"https:\/\/en.sconxis.com\/index.php\/wp-json\/wp\/v2\/pages\/32","targetHints":{"allow":["GET"]}}],"collection":[{"href":"https:\/\/en.sconxis.com\/index.php\/wp-json\/wp\/v2\/pages"}],"about":[{"href":"https:\/\/en.sconxis.com\/index.php\/wp-json\/wp\/v2\/types\/page"}],"author":[{"embeddable":true,"href":"https:\/\/en.sconxis.com\/index.php\/wp-json\/wp\/v2\/users\/1"}],"replies":[{"embeddable":true,"href":"https:\/\/en.sconxis.com\/index.php\/wp-json\/wp\/v2\/comments?post=32"}],"version-history":[{"count":3,"href":"https:\/\/en.sconxis.com\/index.php\/wp-json\/wp\/v2\/pages\/32\/revisions"}],"predecessor-version":[{"id":54,"href":"https:\/\/en.sconxis.com\/index.php\/wp-json\/wp\/v2\/pages\/32\/revisions\/54"}],"wp:attachment":[{"href":"https:\/\/en.sconxis.com\/index.php\/wp-json\/wp\/v2\/media?parent=32"}],"curies":[{"name":"wp","href":"https:\/\/api.w.org\/{rel}","templated":true}]}}